{"id":38,"date":"2024-10-14T14:50:45","date_gmt":"2024-10-14T12:50:45","guid":{"rendered":"https:\/\/commerce-equitable-bretagne.fr\/?page_id=38"},"modified":"2024-11-06T15:26:35","modified_gmt":"2024-11-06T14:26:35","slug":"nos-activites","status":"publish","type":"page","link":"https:\/\/commerce-equitable-bretagne.fr\/index.php\/nos-activites\/","title":{"rendered":"NOS ACTIVITES"},"content":{"rendered":"\n<ul class=\"wp-block-list\">\n<li>Interventions dans les \u00e9coles dans le but de sensibiliser les futures g\u00e9n\u00e9rations \u00e0 une consommation \u00e9quitable et responsable<\/li>\n<\/ul>\n\n\n\n<p>Soutien \u00e0 des \u00e9v\u00e8nements organis\u00e9s par les \u00e9tudiants: IUT de St Malo, Universit\u00e9 de Bretagne Sud \u00e0 Vannes, F\u00e9d\u00e9ration \u00e9tudiante \u00e0 Brest, Universit\u00e9 catholique de Guigamp, Unilasalle \u00e0 Bruz, Agrocampus Ouest, Rennes Business School &#8230; etc<\/p>\n\n\n\n<p>Rencontres avec les collectivit\u00e9s locales qui souhaitent s&rsquo;engager dans une consommation \u00e9quitable et responsable<\/p>\n\n\n\n<p>Soutien \u00e0 des manifestations grand-public <\/p>\n\n\n\n<p>Projections de documentaires  et organisation de d\u00e9bats<\/p>\n\n\n\n<p>\u00c9v\u00e8nements scolaires et publics pendant la quinzaine du commerce \u00e9quitable de mai<\/p>\n","protected":false},"excerpt":{"rendered":"<p>Soutien \u00e0 des \u00e9v\u00e8nements organis\u00e9s par les \u00e9tudiants: IUT de St Malo, Universit\u00e9 de Bretagne Sud \u00e0 Vannes, F\u00e9d\u00e9ration \u00e9tudiante \u00e0 Brest, Universit\u00e9 catholique de Guigamp, Unilasalle \u00e0 Bruz, Agrocampus Ouest, Rennes Business School &#8230; etc Rencontres avec les collectivit\u00e9s locales qui souhaitent s&rsquo;engager dans une consommation \u00e9quitable et responsable Soutien \u00e0 des manifestations grand-public &hellip; <\/p>\n<p class=\"link-more\"><a href=\"https:\/\/commerce-equitable-bretagne.fr\/index.php\/nos-activites\/\" class=\"more-link\">Continuer la lecture<span class=\"screen-reader-text\"> de &laquo;&nbsp;NOS ACTIVITES&nbsp;&raquo;<\/span><\/a><\/p>\n","protected":false},"author":2,"featured_media":0,"parent":0,"menu_order":0,"comment_status":"closed","ping_status":"closed","template":"","meta":{"_uag_custom_page_level_css":"","footnotes":""},"class_list":["post-38","page","type-page","status-publish","hentry"],"yoast_head":"<!-- This site is optimized with the Yoast SEO plugin v23.8 - https:\/\/yoast.com\/wordpress\/plugins\/seo\/ -->\n<title>NOS ACTIVITES - Commerce \u00c9quitable Bretagne<\/title>\n<meta name=\"robots\" content=\"index, follow, max-snippet:-1, max-image-preview:large, max-video-preview:-1\" \/>\n<link rel=\"canonical\" href=\"https:\/\/commerce-equitable-bretagne.fr\/index.php\/nos-activites\/\" \/>\n<meta property=\"og:locale\" content=\"fr_FR\" \/>\n<meta property=\"og:type\" content=\"article\" \/>\n<meta property=\"og:title\" content=\"NOS ACTIVITES - Commerce \u00c9quitable Bretagne\" \/>\n<meta property=\"og:description\" content=\"Soutien \u00e0 des \u00e9v\u00e8nements organis\u00e9s par les \u00e9tudiants: IUT de St Malo, Universit\u00e9 de Bretagne Sud \u00e0 Vannes, F\u00e9d\u00e9ration \u00e9tudiante \u00e0 Brest, Universit\u00e9 catholique de Guigamp, Unilasalle \u00e0 Bruz, Agrocampus Ouest, Rennes Business School &#8230; etc Rencontres avec les collectivit\u00e9s locales qui souhaitent s&rsquo;engager dans une consommation \u00e9quitable et responsable Soutien \u00e0 des manifestations grand-public &hellip; Continuer la lecture de &laquo;&nbsp;NOS ACTIVITES&nbsp;&raquo;\" \/>\n<meta property=\"og:url\" content=\"https:\/\/commerce-equitable-bretagne.fr\/index.php\/nos-activites\/\" \/>\n<meta property=\"og:site_name\" content=\"Commerce \u00c9quitable Bretagne\" \/>\n<meta property=\"article:modified_time\" content=\"2024-11-06T14:26:35+00:00\" \/>\n<meta name=\"twitter:card\" content=\"summary_large_image\" \/>\n<script type=\"application\/ld+json\" class=\"yoast-schema-graph\">{\"@context\":\"https:\/\/schema.org\",\"@graph\":[{\"@type\":\"WebPage\",\"@id\":\"https:\/\/commerce-equitable-bretagne.fr\/index.php\/nos-activites\/\",\"url\":\"https:\/\/commerce-equitable-bretagne.fr\/index.php\/nos-activites\/\",\"name\":\"NOS ACTIVITES - Commerce \u00c9quitable Bretagne\",\"isPartOf\":{\"@id\":\"https:\/\/commerce-equitable-bretagne.fr\/#website\"},\"datePublished\":\"2024-10-14T12:50:45+00:00\",\"dateModified\":\"2024-11-06T14:26:35+00:00\",\"breadcrumb\":{\"@id\":\"https:\/\/commerce-equitable-bretagne.fr\/index.php\/nos-activites\/#breadcrumb\"},\"inLanguage\":\"fr-FR\",\"potentialAction\":[{\"@type\":\"ReadAction\",\"target\":[\"https:\/\/commerce-equitable-bretagne.fr\/index.php\/nos-activites\/\"]}]},{\"@type\":\"BreadcrumbList\",\"@id\":\"https:\/\/commerce-equitable-bretagne.fr\/index.php\/nos-activites\/#breadcrumb\",\"itemListElement\":[{\"@type\":\"ListItem\",\"position\":1,\"name\":\"Accueil\",\"item\":\"https:\/\/commerce-equitable-bretagne.fr\/\"},{\"@type\":\"ListItem\",\"position\":2,\"name\":\"NOS ACTIVITES\"}]},{\"@type\":\"WebSite\",\"@id\":\"https:\/\/commerce-equitable-bretagne.fr\/#website\",\"url\":\"https:\/\/commerce-equitable-bretagne.fr\/\",\"name\":\"Commerce \u00c9quitable Bretagne\",\"description\":\"Pour un commerce plus juste\",\"publisher\":{\"@id\":\"https:\/\/commerce-equitable-bretagne.fr\/#organization\"},\"potentialAction\":[{\"@type\":\"SearchAction\",\"target\":{\"@type\":\"EntryPoint\",\"urlTemplate\":\"https:\/\/commerce-equitable-bretagne.fr\/?s={search_term_string}\"},\"query-input\":{\"@type\":\"PropertyValueSpecification\",\"valueRequired\":true,\"valueName\":\"search_term_string\"}}],\"inLanguage\":\"fr-FR\"},{\"@type\":\"Organization\",\"@id\":\"https:\/\/commerce-equitable-bretagne.fr\/#organization\",\"name\":\"Commerce \u00c9quitable Bretagne\",\"url\":\"https:\/\/commerce-equitable-bretagne.fr\/\",\"logo\":{\"@type\":\"ImageObject\",\"inLanguage\":\"fr-FR\",\"@id\":\"https:\/\/commerce-equitable-bretagne.fr\/#\/schema\/logo\/image\/\",\"url\":\"https:\/\/commerce-equitable-bretagne.fr\/wp-content\/uploads\/2025\/09\/3.png\",\"contentUrl\":\"https:\/\/commerce-equitable-bretagne.fr\/wp-content\/uploads\/2025\/09\/3.png\",\"width\":4724,\"height\":4724,\"caption\":\"Commerce \u00c9quitable Bretagne\"},\"image\":{\"@id\":\"https:\/\/commerce-equitable-bretagne.fr\/#\/schema\/logo\/image\/\"}}]}<\/script>\n<!-- \/ Yoast SEO plugin. -->","yoast_head_json":{"title":"NOS ACTIVITES - Commerce \u00c9quitable Bretagne","robots":{"index":"index","follow":"follow","max-snippet":"max-snippet:-1","max-image-preview":"max-image-preview:large","max-video-preview":"max-video-preview:-1"},"canonical":"https:\/\/commerce-equitable-bretagne.fr\/index.php\/nos-activites\/","og_locale":"fr_FR","og_type":"article","og_title":"NOS ACTIVITES - Commerce \u00c9quitable Bretagne","og_description":"Soutien \u00e0 des \u00e9v\u00e8nements organis\u00e9s par les \u00e9tudiants: IUT de St Malo, Universit\u00e9 de Bretagne Sud \u00e0 Vannes, F\u00e9d\u00e9ration \u00e9tudiante \u00e0 Brest, Universit\u00e9 catholique de Guigamp, Unilasalle \u00e0 Bruz, Agrocampus Ouest, Rennes Business School &#8230; etc Rencontres avec les collectivit\u00e9s locales qui souhaitent s&rsquo;engager dans une consommation \u00e9quitable et responsable Soutien \u00e0 des manifestations grand-public &hellip; Continuer la lecture de &laquo;&nbsp;NOS ACTIVITES&nbsp;&raquo;","og_url":"https:\/\/commerce-equitable-bretagne.fr\/index.php\/nos-activites\/","og_site_name":"Commerce \u00c9quitable Bretagne","article_modified_time":"2024-11-06T14:26:35+00:00","twitter_card":"summary_large_image","schema":{"@context":"https:\/\/schema.org","@graph":[{"@type":"WebPage","@id":"https:\/\/commerce-equitable-bretagne.fr\/index.php\/nos-activites\/","url":"https:\/\/commerce-equitable-bretagne.fr\/index.php\/nos-activites\/","name":"NOS ACTIVITES - Commerce \u00c9quitable Bretagne","isPartOf":{"@id":"https:\/\/commerce-equitable-bretagne.fr\/#website"},"datePublished":"2024-10-14T12:50:45+00:00","dateModified":"2024-11-06T14:26:35+00:00","breadcrumb":{"@id":"https:\/\/commerce-equitable-bretagne.fr\/index.php\/nos-activites\/#breadcrumb"},"inLanguage":"fr-FR","potentialAction":[{"@type":"ReadAction","target":["https:\/\/commerce-equitable-bretagne.fr\/index.php\/nos-activites\/"]}]},{"@type":"BreadcrumbList","@id":"https:\/\/commerce-equitable-bretagne.fr\/index.php\/nos-activites\/#breadcrumb","itemListElement":[{"@type":"ListItem","position":1,"name":"Accueil","item":"https:\/\/commerce-equitable-bretagne.fr\/"},{"@type":"ListItem","position":2,"name":"NOS ACTIVITES"}]},{"@type":"WebSite","@id":"https:\/\/commerce-equitable-bretagne.fr\/#website","url":"https:\/\/commerce-equitable-bretagne.fr\/","name":"Commerce \u00c9quitable Bretagne","description":"Pour un commerce plus juste","publisher":{"@id":"https:\/\/commerce-equitable-bretagne.fr\/#organization"},"potentialAction":[{"@type":"SearchAction","target":{"@type":"EntryPoint","urlTemplate":"https:\/\/commerce-equitable-bretagne.fr\/?s={search_term_string}"},"query-input":{"@type":"PropertyValueSpecification","valueRequired":true,"valueName":"search_term_string"}}],"inLanguage":"fr-FR"},{"@type":"Organization","@id":"https:\/\/commerce-equitable-bretagne.fr\/#organization","name":"Commerce \u00c9quitable Bretagne","url":"https:\/\/commerce-equitable-bretagne.fr\/","logo":{"@type":"ImageObject","inLanguage":"fr-FR","@id":"https:\/\/commerce-equitable-bretagne.fr\/#\/schema\/logo\/image\/","url":"https:\/\/commerce-equitable-bretagne.fr\/wp-content\/uploads\/2025\/09\/3.png","contentUrl":"https:\/\/commerce-equitable-bretagne.fr\/wp-content\/uploads\/2025\/09\/3.png","width":4724,"height":4724,"caption":"Commerce \u00c9quitable Bretagne"},"image":{"@id":"https:\/\/commerce-equitable-bretagne.fr\/#\/schema\/logo\/image\/"}}]}},"uagb_featured_image_src":{"full":false,"thumbnail":false,"medium":false,"medium_large":false,"large":false,"1536x1536":false,"2048x2048":false,"twentyseventeen-featured-image":false,"twentyseventeen-thumbnail-avatar":false},"uagb_author_info":{"display_name":"Bernard Bruel","author_link":"https:\/\/commerce-equitable-bretagne.fr\/index.php\/author\/bernard\/"},"uagb_comment_info":0,"uagb_excerpt":"Soutien \u00e0 des \u00e9v\u00e8nements organis\u00e9s par les \u00e9tudiants: IUT de St Malo, Universit\u00e9 de Bretagne Sud \u00e0 Vannes, F\u00e9d\u00e9ration \u00e9tudiante \u00e0 Brest, Universit\u00e9 catholique de Guigamp, Unilasalle \u00e0 Bruz, Agrocampus Ouest, Rennes Business School &#8230; etc Rencontres avec les collectivit\u00e9s locales qui souhaitent s&rsquo;engager dans une consommation \u00e9quitable et responsable Soutien \u00e0 des manifestations grand-public\u2026","_links":{"self":[{"href":"https:\/\/commerce-equitable-bretagne.fr\/index.php\/wp-json\/wp\/v2\/pages\/38","targetHints":{"allow":["GET"]}}],"collection":[{"href":"https:\/\/commerce-equitable-bretagne.fr\/index.php\/wp-json\/wp\/v2\/pages"}],"about":[{"href":"https:\/\/commerce-equitable-bretagne.fr\/index.php\/wp-json\/wp\/v2\/types\/page"}],"author":[{"embeddable":true,"href":"https:\/\/commerce-equitable-bretagne.fr\/index.php\/wp-json\/wp\/v2\/users\/2"}],"replies":[{"embeddable":true,"href":"https:\/\/commerce-equitable-bretagne.fr\/index.php\/wp-json\/wp\/v2\/comments?post=38"}],"version-history":[{"count":4,"href":"https:\/\/commerce-equitable-bretagne.fr\/index.php\/wp-json\/wp\/v2\/pages\/38\/revisions"}],"predecessor-version":[{"id":75,"href":"https:\/\/commerce-equitable-bretagne.fr\/index.php\/wp-json\/wp\/v2\/pages\/38\/revisions\/75"}],"wp:attachment":[{"href":"https:\/\/commerce-equitable-bretagne.fr\/index.php\/wp-json\/wp\/v2\/media?parent=38"}],"curies":[{"name":"wp","href":"https:\/\/api.w.org\/{rel}","templated":true}]}}

<ul class="wp-block-list">
<li>Interventions dans les écoles dans le but de sensibiliser les futures générations à une consommation équitable et responsable</li>
</ul>



<p>Soutien à des évènements organisés par les étudiants: IUT de St Malo, Université de Bretagne Sud à Vannes, Fédération étudiante à Brest, Université catholique de Guigamp, Unilasalle à Bruz, Agrocampus Ouest, Rennes Business School &#8230; etc</p>



<p>Rencontres avec les collectivités locales qui souhaitent s&rsquo;engager dans une consommation équitable et responsable</p>



<p>Soutien à des manifestations grand-public </p>



<p>Projections de documentaires  et organisation de débats</p>



<p>Évènements scolaires et publics pendant la quinzaine du commerce équitable de mai</p>

<p>Soutien à des évènements organisés par les étudiants: IUT de St Malo, Université de Bretagne Sud à Vannes, Fédération étudiante à Brest, Université catholique de Guigamp, Unilasalle à Bruz, Agrocampus Ouest, Rennes Business School &#8230; etc Rencontres avec les collectivités locales qui souhaitent s&rsquo;engager dans une consommation équitable et responsable Soutien à des manifestations grand-public &hellip; </p>
<p class="link-more"><a href="https://commerce-equitable-bretagne.fr/index.php/nos-activites/" class="more-link">Continuer la lecture<span class="screen-reader-text"> de &laquo;&nbsp;NOS ACTIVITES&nbsp;&raquo;</span></a></p>

<!-- This site is optimized with the Yoast SEO plugin v23.8 - https://yoast.com/wordpress/plugins/seo/ -->
<title>NOS ACTIVITES - Commerce Équitable Bretagne</title>
<meta name="robots" content="index, follow, max-snippet:-1, max-image-preview:large, max-video-preview:-1" />
<link rel="canonical" href="https://commerce-equitable-bretagne.fr/index.php/nos-activites/" />
<meta property="og:locale" content="fr_FR" />
<meta property="og:type" content="article" />
<meta property="og:title" content="NOS ACTIVITES - Commerce Équitable Bretagne" />
<meta property="og:description" content="Soutien à des évènements organisés par les étudiants: IUT de St Malo, Université de Bretagne Sud à Vannes, Fédération étudiante à Brest, Université catholique de Guigamp, Unilasalle à Bruz, Agrocampus Ouest, Rennes Business School &#8230; etc Rencontres avec les collectivités locales qui souhaitent s&rsquo;engager dans une consommation équitable et responsable Soutien à des manifestations grand-public &hellip; Continuer la lecture de &laquo;&nbsp;NOS ACTIVITES&nbsp;&raquo;" />
<meta property="og:url" content="https://commerce-equitable-bretagne.fr/index.php/nos-activites/" />
<meta property="og:site_name" content="Commerce Équitable Bretagne" />
<meta property="article:modified_time" content="2024-11-06T14:26:35+00:00" />
<meta name="twitter:card" content="summary_large_image" />
<script type="application/ld+json" class="yoast-schema-graph">{"@context":"https://schema.org","@graph":[{"@type":"WebPage","@id":"https://commerce-equitable-bretagne.fr/index.php/nos-activites/","url":"https://commerce-equitable-bretagne.fr/index.php/nos-activites/","name":"NOS ACTIVITES - Commerce Équitable Bretagne","isPartOf":{"@id":"https://commerce-equitable-bretagne.fr/#website"},"datePublished":"2024-10-14T12:50:45+00:00","dateModified":"2024-11-06T14:26:35+00:00","breadcrumb":{"@id":"https://commerce-equitable-bretagne.fr/index.php/nos-activites/#breadcrumb"},"inLanguage":"fr-FR","potentialAction":[{"@type":"ReadAction","target":["https://commerce-equitable-bretagne.fr/index.php/nos-activites/"]}]},{"@type":"BreadcrumbList","@id":"https://commerce-equitable-bretagne.fr/index.php/nos-activites/#breadcrumb","itemListElement":[{"@type":"ListItem","position":1,"name":"Accueil","item":"https://commerce-equitable-bretagne.fr/"},{"@type":"ListItem","position":2,"name":"NOS ACTIVITES"}]},{"@type":"WebSite","@id":"https://commerce-equitable-bretagne.fr/#website","url":"https://commerce-equitable-bretagne.fr/","name":"Commerce Équitable Bretagne","description":"Pour un commerce plus juste","publisher":{"@id":"https://commerce-equitable-bretagne.fr/#organization"},"potentialAction":[{"@type":"SearchAction","target":{"@type":"EntryPoint","urlTemplate":"https://commerce-equitable-bretagne.fr/?s={search_term_string}"},"query-input":{"@type":"PropertyValueSpecification","valueRequired":true,"valueName":"search_term_string"}}],"inLanguage":"fr-FR"},{"@type":"Organization","@id":"https://commerce-equitable-bretagne.fr/#organization","name":"Commerce Équitable Bretagne","url":"https://commerce-equitable-bretagne.fr/","logo":{"@type":"ImageObject","inLanguage":"fr-FR","@id":"https://commerce-equitable-bretagne.fr/#/schema/logo/image/","url":"https://commerce-equitable-bretagne.fr/wp-content/uploads/2025/09/3.png","contentUrl":"https://commerce-equitable-bretagne.fr/wp-content/uploads/2025/09/3.png","width":4724,"height":4724,"caption":"Commerce Équitable Bretagne"},"image":{"@id":"https://commerce-equitable-bretagne.fr/#/schema/logo/image/"}}]}</script>
<!-- / Yoast SEO plugin. -->

NOS ACTIVITES - Commerce Équitable Bretagne

Soutien à des évènements organisés par les étudiants: IUT de St Malo, Université de Bretagne Sud à Vannes, Fédération étudiante à Brest, Université catholique de Guigamp, Unilasalle à Bruz, Agrocampus Ouest, Rennes Business School &#8230; etc Rencontres avec les collectivités locales qui souhaitent s&rsquo;engager dans une consommation équitable et responsable Soutien à des manifestations grand-public &hellip; Continuer la lecture de &laquo;&nbsp;NOS ACTIVITES&nbsp;&raquo;

Commerce Équitable Bretagne

Soutien à des évènements organisés par les étudiants: IUT de St Malo, Université de Bretagne Sud à Vannes, Fédération étudiante à Brest, Université catholique de Guigamp, Unilasalle à Bruz, Agrocampus Ouest, Rennes Business School &#8230; etc Rencontres avec les collectivités locales qui souhaitent s&rsquo;engager dans une consommation équitable et responsable Soutien à des manifestations grand-public…
