{"id":171,"date":"2025-12-09T20:04:22","date_gmt":"2025-12-09T19:04:22","guid":{"rendered":"https:\/\/commerce-equitable-bretagne.fr\/?page_id=171"},"modified":"2025-12-09T20:05:01","modified_gmt":"2025-12-09T19:05:01","slug":"la-quinzaine-2026","status":"publish","type":"page","link":"https:\/\/commerce-equitable-bretagne.fr\/index.php\/la-quinzaine-2026\/","title":{"rendered":"LA QUINZAINE 2026"},"content":{"rendered":"\n<p>Elle aura lieu en Bretagne du 16 au 31 mai 2026, et nous accueillerons un responsable de coop\u00e9rative d&rsquo;Ha\u00efti, engag\u00e9e dans le commerce \u00e9quitable<\/p>\n\n\n\n<p><\/p>\n","protected":false},"excerpt":{"rendered":"<p>Elle aura lieu en Bretagne du 16 au 31 mai 2026, et nous accueillerons un responsable de coop\u00e9rative d&rsquo;Ha\u00efti, engag\u00e9e dans le commerce \u00e9quitable<\/p>\n","protected":false},"author":2,"featured_media":0,"parent":0,"menu_order":0,"comment_status":"closed","ping_status":"closed","template":"","meta":{"_uag_custom_page_level_css":"","footnotes":""},"class_list":["post-171","page","type-page","status-publish","hentry"],"yoast_head":"<!-- This site is optimized with the Yoast SEO plugin v23.8 - https:\/\/yoast.com\/wordpress\/plugins\/seo\/ -->\n<title>LA QUINZAINE 2026 - Commerce \u00c9quitable Bretagne<\/title>\n<meta name=\"robots\" content=\"index, follow, max-snippet:-1, max-image-preview:large, max-video-preview:-1\" \/>\n<link rel=\"canonical\" href=\"https:\/\/commerce-equitable-bretagne.fr\/index.php\/la-quinzaine-2026\/\" \/>\n<meta property=\"og:locale\" content=\"fr_FR\" \/>\n<meta property=\"og:type\" content=\"article\" \/>\n<meta property=\"og:title\" content=\"LA QUINZAINE 2026 - Commerce \u00c9quitable Bretagne\" \/>\n<meta property=\"og:description\" content=\"Elle aura lieu en Bretagne du 16 au 31 mai 2026, et nous accueillerons un responsable de coop\u00e9rative d&rsquo;Ha\u00efti, engag\u00e9e dans le commerce \u00e9quitable\" \/>\n<meta property=\"og:url\" content=\"https:\/\/commerce-equitable-bretagne.fr\/index.php\/la-quinzaine-2026\/\" \/>\n<meta property=\"og:site_name\" content=\"Commerce \u00c9quitable Bretagne\" \/>\n<meta property=\"article:modified_time\" content=\"2025-12-09T19:05:01+00:00\" \/>\n<meta name=\"twitter:card\" content=\"summary_large_image\" \/>\n<meta name=\"twitter:label1\" content=\"Dur\u00e9e de lecture estim\u00e9e\" \/>\n\t<meta name=\"twitter:data1\" content=\"1 minute\" \/>\n<script type=\"application\/ld+json\" class=\"yoast-schema-graph\">{\"@context\":\"https:\/\/schema.org\",\"@graph\":[{\"@type\":\"WebPage\",\"@id\":\"https:\/\/commerce-equitable-bretagne.fr\/index.php\/la-quinzaine-2026\/\",\"url\":\"https:\/\/commerce-equitable-bretagne.fr\/index.php\/la-quinzaine-2026\/\",\"name\":\"LA QUINZAINE 2026 - Commerce \u00c9quitable Bretagne\",\"isPartOf\":{\"@id\":\"https:\/\/commerce-equitable-bretagne.fr\/#website\"},\"datePublished\":\"2025-12-09T19:04:22+00:00\",\"dateModified\":\"2025-12-09T19:05:01+00:00\",\"breadcrumb\":{\"@id\":\"https:\/\/commerce-equitable-bretagne.fr\/index.php\/la-quinzaine-2026\/#breadcrumb\"},\"inLanguage\":\"fr-FR\",\"potentialAction\":[{\"@type\":\"ReadAction\",\"target\":[\"https:\/\/commerce-equitable-bretagne.fr\/index.php\/la-quinzaine-2026\/\"]}]},{\"@type\":\"BreadcrumbList\",\"@id\":\"https:\/\/commerce-equitable-bretagne.fr\/index.php\/la-quinzaine-2026\/#breadcrumb\",\"itemListElement\":[{\"@type\":\"ListItem\",\"position\":1,\"name\":\"Accueil\",\"item\":\"https:\/\/commerce-equitable-bretagne.fr\/\"},{\"@type\":\"ListItem\",\"position\":2,\"name\":\"LA QUINZAINE 2026\"}]},{\"@type\":\"WebSite\",\"@id\":\"https:\/\/commerce-equitable-bretagne.fr\/#website\",\"url\":\"https:\/\/commerce-equitable-bretagne.fr\/\",\"name\":\"Commerce \u00c9quitable Bretagne\",\"description\":\"Pour un commerce plus juste\",\"publisher\":{\"@id\":\"https:\/\/commerce-equitable-bretagne.fr\/#organization\"},\"potentialAction\":[{\"@type\":\"SearchAction\",\"target\":{\"@type\":\"EntryPoint\",\"urlTemplate\":\"https:\/\/commerce-equitable-bretagne.fr\/?s={search_term_string}\"},\"query-input\":{\"@type\":\"PropertyValueSpecification\",\"valueRequired\":true,\"valueName\":\"search_term_string\"}}],\"inLanguage\":\"fr-FR\"},{\"@type\":\"Organization\",\"@id\":\"https:\/\/commerce-equitable-bretagne.fr\/#organization\",\"name\":\"Commerce \u00c9quitable Bretagne\",\"url\":\"https:\/\/commerce-equitable-bretagne.fr\/\",\"logo\":{\"@type\":\"ImageObject\",\"inLanguage\":\"fr-FR\",\"@id\":\"https:\/\/commerce-equitable-bretagne.fr\/#\/schema\/logo\/image\/\",\"url\":\"https:\/\/commerce-equitable-bretagne.fr\/wp-content\/uploads\/2025\/09\/3.png\",\"contentUrl\":\"https:\/\/commerce-equitable-bretagne.fr\/wp-content\/uploads\/2025\/09\/3.png\",\"width\":4724,\"height\":4724,\"caption\":\"Commerce \u00c9quitable Bretagne\"},\"image\":{\"@id\":\"https:\/\/commerce-equitable-bretagne.fr\/#\/schema\/logo\/image\/\"}}]}<\/script>\n<!-- \/ Yoast SEO plugin. -->","yoast_head_json":{"title":"LA QUINZAINE 2026 - Commerce \u00c9quitable Bretagne","robots":{"index":"index","follow":"follow","max-snippet":"max-snippet:-1","max-image-preview":"max-image-preview:large","max-video-preview":"max-video-preview:-1"},"canonical":"https:\/\/commerce-equitable-bretagne.fr\/index.php\/la-quinzaine-2026\/","og_locale":"fr_FR","og_type":"article","og_title":"LA QUINZAINE 2026 - Commerce \u00c9quitable Bretagne","og_description":"Elle aura lieu en Bretagne du 16 au 31 mai 2026, et nous accueillerons un responsable de coop\u00e9rative d&rsquo;Ha\u00efti, engag\u00e9e dans le commerce \u00e9quitable","og_url":"https:\/\/commerce-equitable-bretagne.fr\/index.php\/la-quinzaine-2026\/","og_site_name":"Commerce \u00c9quitable Bretagne","article_modified_time":"2025-12-09T19:05:01+00:00","twitter_card":"summary_large_image","twitter_misc":{"Dur\u00e9e de lecture estim\u00e9e":"1 minute"},"schema":{"@context":"https:\/\/schema.org","@graph":[{"@type":"WebPage","@id":"https:\/\/commerce-equitable-bretagne.fr\/index.php\/la-quinzaine-2026\/","url":"https:\/\/commerce-equitable-bretagne.fr\/index.php\/la-quinzaine-2026\/","name":"LA QUINZAINE 2026 - Commerce \u00c9quitable Bretagne","isPartOf":{"@id":"https:\/\/commerce-equitable-bretagne.fr\/#website"},"datePublished":"2025-12-09T19:04:22+00:00","dateModified":"2025-12-09T19:05:01+00:00","breadcrumb":{"@id":"https:\/\/commerce-equitable-bretagne.fr\/index.php\/la-quinzaine-2026\/#breadcrumb"},"inLanguage":"fr-FR","potentialAction":[{"@type":"ReadAction","target":["https:\/\/commerce-equitable-bretagne.fr\/index.php\/la-quinzaine-2026\/"]}]},{"@type":"BreadcrumbList","@id":"https:\/\/commerce-equitable-bretagne.fr\/index.php\/la-quinzaine-2026\/#breadcrumb","itemListElement":[{"@type":"ListItem","position":1,"name":"Accueil","item":"https:\/\/commerce-equitable-bretagne.fr\/"},{"@type":"ListItem","position":2,"name":"LA QUINZAINE 2026"}]},{"@type":"WebSite","@id":"https:\/\/commerce-equitable-bretagne.fr\/#website","url":"https:\/\/commerce-equitable-bretagne.fr\/","name":"Commerce \u00c9quitable Bretagne","description":"Pour un commerce plus juste","publisher":{"@id":"https:\/\/commerce-equitable-bretagne.fr\/#organization"},"potentialAction":[{"@type":"SearchAction","target":{"@type":"EntryPoint","urlTemplate":"https:\/\/commerce-equitable-bretagne.fr\/?s={search_term_string}"},"query-input":{"@type":"PropertyValueSpecification","valueRequired":true,"valueName":"search_term_string"}}],"inLanguage":"fr-FR"},{"@type":"Organization","@id":"https:\/\/commerce-equitable-bretagne.fr\/#organization","name":"Commerce \u00c9quitable Bretagne","url":"https:\/\/commerce-equitable-bretagne.fr\/","logo":{"@type":"ImageObject","inLanguage":"fr-FR","@id":"https:\/\/commerce-equitable-bretagne.fr\/#\/schema\/logo\/image\/","url":"https:\/\/commerce-equitable-bretagne.fr\/wp-content\/uploads\/2025\/09\/3.png","contentUrl":"https:\/\/commerce-equitable-bretagne.fr\/wp-content\/uploads\/2025\/09\/3.png","width":4724,"height":4724,"caption":"Commerce \u00c9quitable Bretagne"},"image":{"@id":"https:\/\/commerce-equitable-bretagne.fr\/#\/schema\/logo\/image\/"}}]}},"uagb_featured_image_src":{"full":false,"thumbnail":false,"medium":false,"medium_large":false,"large":false,"1536x1536":false,"2048x2048":false,"twentyseventeen-featured-image":false,"twentyseventeen-thumbnail-avatar":false},"uagb_author_info":{"display_name":"Bernard Bruel","author_link":"https:\/\/commerce-equitable-bretagne.fr\/index.php\/author\/bernard\/"},"uagb_comment_info":0,"uagb_excerpt":"Elle aura lieu en Bretagne du 16 au 31 mai 2026, et nous accueillerons un responsable de coop\u00e9rative d&rsquo;Ha\u00efti, engag\u00e9e dans le commerce \u00e9quitable","_links":{"self":[{"href":"https:\/\/commerce-equitable-bretagne.fr\/index.php\/wp-json\/wp\/v2\/pages\/171","targetHints":{"allow":["GET"]}}],"collection":[{"href":"https:\/\/commerce-equitable-bretagne.fr\/index.php\/wp-json\/wp\/v2\/pages"}],"about":[{"href":"https:\/\/commerce-equitable-bretagne.fr\/index.php\/wp-json\/wp\/v2\/types\/page"}],"author":[{"embeddable":true,"href":"https:\/\/commerce-equitable-bretagne.fr\/index.php\/wp-json\/wp\/v2\/users\/2"}],"replies":[{"embeddable":true,"href":"https:\/\/commerce-equitable-bretagne.fr\/index.php\/wp-json\/wp\/v2\/comments?post=171"}],"version-history":[{"count":2,"href":"https:\/\/commerce-equitable-bretagne.fr\/index.php\/wp-json\/wp\/v2\/pages\/171\/revisions"}],"predecessor-version":[{"id":174,"href":"https:\/\/commerce-equitable-bretagne.fr\/index.php\/wp-json\/wp\/v2\/pages\/171\/revisions\/174"}],"wp:attachment":[{"href":"https:\/\/commerce-equitable-bretagne.fr\/index.php\/wp-json\/wp\/v2\/media?parent=171"}],"curies":[{"name":"wp","href":"https:\/\/api.w.org\/{rel}","templated":true}]}}

<p>Elle aura lieu en Bretagne du 16 au 31 mai 2026, et nous accueillerons un responsable de coopérative d&rsquo;Haïti, engagée dans le commerce équitable</p>



<p></p>

<p>Elle aura lieu en Bretagne du 16 au 31 mai 2026, et nous accueillerons un responsable de coopérative d&rsquo;Haïti, engagée dans le commerce équitable</p>

<!-- This site is optimized with the Yoast SEO plugin v23.8 - https://yoast.com/wordpress/plugins/seo/ -->
<title>LA QUINZAINE 2026 - Commerce Équitable Bretagne</title>
<meta name="robots" content="index, follow, max-snippet:-1, max-image-preview:large, max-video-preview:-1" />
<link rel="canonical" href="https://commerce-equitable-bretagne.fr/index.php/la-quinzaine-2026/" />
<meta property="og:locale" content="fr_FR" />
<meta property="og:type" content="article" />
<meta property="og:title" content="LA QUINZAINE 2026 - Commerce Équitable Bretagne" />
<meta property="og:description" content="Elle aura lieu en Bretagne du 16 au 31 mai 2026, et nous accueillerons un responsable de coopérative d&rsquo;Haïti, engagée dans le commerce équitable" />
<meta property="og:url" content="https://commerce-equitable-bretagne.fr/index.php/la-quinzaine-2026/" />
<meta property="og:site_name" content="Commerce Équitable Bretagne" />
<meta property="article:modified_time" content="2025-12-09T19:05:01+00:00" />
<meta name="twitter:card" content="summary_large_image" />
<meta name="twitter:label1" content="Durée de lecture estimée" />
	<meta name="twitter:data1" content="1 minute" />
<script type="application/ld+json" class="yoast-schema-graph">{"@context":"https://schema.org","@graph":[{"@type":"WebPage","@id":"https://commerce-equitable-bretagne.fr/index.php/la-quinzaine-2026/","url":"https://commerce-equitable-bretagne.fr/index.php/la-quinzaine-2026/","name":"LA QUINZAINE 2026 - Commerce Équitable Bretagne","isPartOf":{"@id":"https://commerce-equitable-bretagne.fr/#website"},"datePublished":"2025-12-09T19:04:22+00:00","dateModified":"2025-12-09T19:05:01+00:00","breadcrumb":{"@id":"https://commerce-equitable-bretagne.fr/index.php/la-quinzaine-2026/#breadcrumb"},"inLanguage":"fr-FR","potentialAction":[{"@type":"ReadAction","target":["https://commerce-equitable-bretagne.fr/index.php/la-quinzaine-2026/"]}]},{"@type":"BreadcrumbList","@id":"https://commerce-equitable-bretagne.fr/index.php/la-quinzaine-2026/#breadcrumb","itemListElement":[{"@type":"ListItem","position":1,"name":"Accueil","item":"https://commerce-equitable-bretagne.fr/"},{"@type":"ListItem","position":2,"name":"LA QUINZAINE 2026"}]},{"@type":"WebSite","@id":"https://commerce-equitable-bretagne.fr/#website","url":"https://commerce-equitable-bretagne.fr/","name":"Commerce Équitable Bretagne","description":"Pour un commerce plus juste","publisher":{"@id":"https://commerce-equitable-bretagne.fr/#organization"},"potentialAction":[{"@type":"SearchAction","target":{"@type":"EntryPoint","urlTemplate":"https://commerce-equitable-bretagne.fr/?s={search_term_string}"},"query-input":{"@type":"PropertyValueSpecification","valueRequired":true,"valueName":"search_term_string"}}],"inLanguage":"fr-FR"},{"@type":"Organization","@id":"https://commerce-equitable-bretagne.fr/#organization","name":"Commerce Équitable Bretagne","url":"https://commerce-equitable-bretagne.fr/","logo":{"@type":"ImageObject","inLanguage":"fr-FR","@id":"https://commerce-equitable-bretagne.fr/#/schema/logo/image/","url":"https://commerce-equitable-bretagne.fr/wp-content/uploads/2025/09/3.png","contentUrl":"https://commerce-equitable-bretagne.fr/wp-content/uploads/2025/09/3.png","width":4724,"height":4724,"caption":"Commerce Équitable Bretagne"},"image":{"@id":"https://commerce-equitable-bretagne.fr/#/schema/logo/image/"}}]}</script>
<!-- / Yoast SEO plugin. -->

LA QUINZAINE 2026 - Commerce Équitable Bretagne

Elle aura lieu en Bretagne du 16 au 31 mai 2026, et nous accueillerons un responsable de coopérative d&rsquo;Haïti, engagée dans le commerce équitable

Commerce Équitable Bretagne
